the tens digit of 9599114?
1
What is the hundreds digit of 10155?
1
What is the units digit of 256026?
6
What is the hundreds digit of 804923?
9
What is the hundreds digit of 15793?
7
What is the hundreds digit of 339596?
5
What is the ten thousands digit of 46763?
4
What is the thousands digit of 369565?
9
What is the units digit of 36154929?
9
What is the units digit of 3669124?
4
What is the ten thousands digit of 2787422?
8
What is the thousands digit of 9665780?
5
What is the units digit of 36581477?
7
What is the tens digit of 27632988?
8
What is the hundred thousands digit of 12665292?
6
What is the hundred thousands digit of 3434140?
4
What is the units digit of 389135?
5
What is the units digit of 10238467?
7
What is the hundreds digit of 5766674?
6
What is the ten thousands digit of 53167?
5
What is the thousands digit of 782756?
2
What is the units digit of 16614878?
8
What is the tens digit of 180665?
6
What is the ten thousands digit of 32599221?
9
What is the units digit of 2568344?
4
What is the tens digit of 310149?
4
What is the hundreds digit of 6891106?
1
What is the thousands digit of 80611?
0
What is the thousands digit of 84534?
4
What is the hundreds digit of 25933913?
9
What is the millions digit of 8643371?
8
What is the units digit of 9073912?
2
What is the tens digit of 606981?
8
What is the thousands digit of 316306?
6
What is the thousands digit of 145497?
5
What is the units digit of 174240?
0
What is the hundred thousands digit of 6274035?
2
What is the ten millions digit of 10107773?
1
What is the hundreds digit of 394515?
5
What is the units digit of 243238?
8
What is the millions digit of 3618918?
3
What is the hundred thousands digit of 985209?
9
What is the hundreds digit of 472885?
8
What is the tens digit of 842855?
5
What is the units digit of 847199?
9
What is the tens digit of 11144878?
7
What is the hundreds digit of 300080?
0
What is the hundreds digit of 57498?
4
What is the tens digit of 28648921?
2
What is the hundreds digit of 171710?
7
What is the ten thousands digit of 236652?
3
What is the units digit of 652359?
9
What is the units digit of 903809?
9
What is the tens digit of 6333923?
2
What is the units digit of 611539?
9
What is the millions digit of 8345484?
8
What is the ten thousands digit of 194911?
9
What is the hundreds digit of 267665?
6
What is the millions digit of 13657235?
3
What is the hundreds digit of 1975202?
2
What is the hundred thousands digit of 519202?
5
What is the tens digit of 61651?
5
What is the units digit of 82933?
3
What is the thousands digit of 442553?
2
What is the tens digit of 1524653?
5
What is the ten thousands digit of 647600?
4
What is the units digit of 6884296?
6
What is the ten thousands digit of 1262057?
6
What is the ten thousands digit of 192015?
9
What is the ten thousands digit of 2531406?
3
What is the ten thousands digit of 2327471?
2
What is the tens digit of 146624?
2
What is the hundreds digit of 1164799?
7
What is the thousands digit of 7182935?
2
What is the units digit of 9168920?
0
What is the units digit of 3759932?
2
What is the units digit of 40098384?
4
What is the ten thousands digit of 606991?
0
What is the units digit of 14679551?
1
What is the ten thousands digit of 11415482?
1
What is the hundred thousands digit of 29619324?
6
What is the hundreds digit of 605346?
3
What is the hundreds digit of 37062239?
2
What is the tens digit of 3866597?
9
What is the hundred thousands digit of 1345341?
3
What is the units digit of 492774?
4
What is the hundred thousands digit of 131445?
1
What is the thousands digit of 155040?
5
What is the hundred thousands digit of 253409?
2
What is the ten thousands digit of 118544?
1
What is the ten thousands digit of 12407548?
0
What is the units digit of 29029895?
5
What is the hundreds digit of 9267778?
7
What is the units digit of 1965440?
0
What is the tens digit of 7018479?
7
What is the thousands digit of 3720585?
0
What is the thousands digit of 1420879?
0
What is the tens digit of 20647?
4
What is the tens digit of 364630?
3
What is the thousands digit of 227378?
7
What is the ten thousands digit of 524502?
2
What is the hundred thousands digit of 12964181?
9
What is the ten thousands digit of 79140?
7
What is the hundreds digit of 864474?
4
What is the hundred thousands digit of 489636?
4
What is the units digit of 3387616?
6
What is the hundred thousands digit of 2745383?
7
What is the units digit of 129721?
1
What is the tens digit of 1113594?
9
What is the units digit of 469225?
5
What is the units digit of 259699?
9
What is the tens digit of 4367198?
9
What is the ten thousands digit of 147526?
4
What is the hundreds digit of 177086?
0
What is the tens digit of 18007953?
5
What is the tens digit of 241740?
4
What is the tens digit of 695604?
0
What is the ten thousands digit of 606905?
0
What is the thousands digit of 7283?
7
What is the hundred thousands digit of 359524?
3
What is the hundreds digit of 16607085?
0
What is the tens digit of 102442?
4
What is the hundred thousands digit of 182844?
1
What is the tens digit of 170300?
0
What is the hundred thousands digit of 396472?
3
What is the hundreds digit of 491748?
7
What is the hundreds digit of 5526067?
0
What is the hundreds digit of 371409?
4
What is the thousands digit of 18273889?
3
What is the hundreds digit of 13199724?
7
What is the hundred thousands digit of 6980723?
9
What is the hundred thousands digit of 2041531?
0
What is the hundreds digit of 1288349?
3
What is the ten thousands digit of 629181?
2
What is the hundreds digit of 7055209?
2
What is the tens digit of 3403853?
5
What is the thousands digit of 1838536?
8
What is the millions digit of 2230380?
2
What is the hundreds digit of 265973?
9
What is the ten millions digit of 13438686?
1
What is the millions digit of 5591697?
5
What is the hundred thousands digit of 197910?
1
What is the units digit of 1375785?
5
What is the thousands digit of 28038193?
8
What is the units digit of 4901463?
3
What is the thousands digit of 265458?
5
What is the thousands digit of 1910413?
0
What is the ten thousands digit of 84471?
8
What is the ten millions digit of 17575134?
1
What is the units digit of 4778646?
6
What is the hundreds digit of 255787?
7
What is the units digit of 456213?
3
What is the hundred thousands digit of 125410?
1
What is the units digit of 18668961?
1
What is the ten thousands digit of 11411017?
1
What is the hundred thousands digit of 17356975?
3
What is the hundred thousands digit of 722908?
7
What is the hundreds digit of 188085?
0
What is the ten thousands digit of 27008114?
0
What is the tens digit of 138048?
4
What is the thousands digit of 87038?
7
What is the hundred thousands digit of 16784069?
7
What is the thousands digit of 11730352?
0
What is the ten thousands digit of 3077980?
7
What is the tens digit of 599800?
0
What is the hundreds digit of 7528615?
6
What is the units digit of 4403102?
2
What is the ten thousands digit of 28226527?
2
What is the ten thousands digit of 1541553?
4
What is the tens digit of 11123554?
5
What is the thousands digit of 117590?
7
What is the ten thousands digit of 958962?
5
What is the units digit of 1659147?
7
What is the hundreds digit of 41604?
6
What is the thousands digit of 140793?
0
What is the tens digit of 418004?
0
What is the ten thousands digit of 173824?
7
What is the ten thousands digit of 680487?
8
What is the thousands digit of 4235605?
5
What is the tens digit of 407808?
0
What is the units digit of 960037?
7
What is the ten thousands digit of 6767063?
6
What is the hundreds digit of 9836597?
5
What is the hundreds digit of 17104958?
9
What is the tens digit of 2127435?
3
What is the ten thousands digit of 171466?
7
What is the tens digit of 1152769?
6
What is the tens digit of 95393?
9
What is the hundred thousands digit of 1694828?
6
What is the tens digit of 7125161?
6
What is the millions digit of 7958384?
7
What is the tens digit of 1462058?
5
What is the ten thousands digit of 3817766?
1
What is the hundred thousands digit of 136698?
1
What is the ten thousands digit of 4705837?
0
What is the hundreds digit of 2925939?
9
What is the thousands digit of 1171892?
1
What is the ten thousands d